0 - -2 - 12).
-2
-4 + (1 + -3 - (-2 - 1))
-3
What is 4 + -4 + -4 + 2?
-2
1 - (1 - 6 - -7)
-1
(5 - (2 - 12)) + (-7 - -1)
9
Evaluate -7 + 4 + (-14 - -12).
-5
6 - (0 + 2 - (2 + -4))
2
(4 + -6 - 0) + 1 + -2
-3
What is 3 + (-15 - (-7 + -1))?
-4
-7 + -1 + (-24 - -24) - -5
-3
What is the value of -1 + (-6 + 3 - -4)?
0
What is 2 - (-7 - 0) - 6?
3
What is the value of -1 + (5 - (-3 - -7)) - 3?
-3
(18 - 8 - 8) + -10
-8
Calculate (-4 - -1) + (14 - 11) + 2.
2
(-11 - (-15 - -7)) + 11
8
What is the value of -8 + (-3 - (-2 + -6))?
-3
What is 11 + (1 - (9 + 0))?
3
-1 + (3 - 4) + -15 + 9
-8
What is (-7 - -11 - (-2 + 8)) + 0?
-2
Evaluate 6 - (1 - -2 - (-2 + 3)).
4
Evaluate 2 + -2 - (-7 + 5 + 0).
2
What is -3 - (-2 + 1) - (9 - 9)?
-2
Calculate 5 + -3 + -5 + (2 - 3).
-4
Calculate -4 + 8 + 2 - -1 - -3.
10
What is the value of -161 + 158 + -1 + 2 + 4?
2
What is the value of -4 - (9 + -11 - 6)?
4
Evaluate 42 + -44 + (4 - 1).
1
What is the value of -3 - (-13 + -2 + 3 - -4)?
5
What is the value of (-13 - -9) + (1 - (-5 + 1))?
1
Calculate (0 - -1) + -5 + (4 - -5).
5
Evaluate 2 + (-2 - -6) + -6.
0
What is the value of -4 + 1 - (-8 - -1)?
4
Calculate -12 + (6 - (-7 - -7)).
-6
What is the value of 1 + (8 - 10) + 0 + 1?
0
Calculate (9 - 4) + 5 - 5.
5
Calculate (-17 - (0 - 8)) + (14 - 1).
4
Evaluate 0 - (-5 + 9 + -1) - 1.
-4
What is 23 - 20 - (-2 - (-2 - -1))?
4
Evaluate 7 - (1 + 7 + -6).
5
What is 3 - (4 + 0 - -4)?
-5
Evaluate 12 + (-6 - (-16 - -12)).
10
Calculate -2 + (-1 - (-5 - -4)).
-2
What is the value of 1 - 2 - (72 + -69)?
-4
(2 - 1) + -43 + 41
-1
What is the value of -2 - (0 + (-3 - 0))?
1
(7 + -5 - -2) + -1
3
Calculate -1 - (-4 - -4) - (3 + 2).
-6
Calculate -2 - 2 - (5 + 1 - 5).
-5
What is 9 + (3 + -4 - 5)?
3
Evaluate (-4 - -7) + 4 - 2.
5
Calculate 2 + 2 + (-2 - 4).
-2
Evaluate 7 - (-6 - -22 - 6).
-3
Evaluate -2 + -8 + 24 - 18.
-4
What is 9 - -5 - (1 + 0 - -5)?
8
(729 - 733) + (9 - (1 + -1))
5
Calculate 3 - (6 + -2 + -1).
0
Calculate -8 + (8 - -3) - -1.
4
-12 + (-4 + -8 - -23)
-1
Evaluate 2 + -4 - (1 - (-5 + 9)).
1
What is (2 - 1) + 6 + -5?
2
What is the value of (0 - 1) + -4 - -3?
-2
Evaluate -3 - 2 - (-15 + 5).
5
Evaluate (1 - 1) + -12 + -141 + 147.
-6
Calculate 0 + 2 + (-8 - -14) + -8.
0
Calculate 5 + 2 + (-2 - -3 - 5).
3
What is the value of (-14 - (-6 - 4)) + 2?
-2
5 + 2 - (12 - 0 - 10)
5
(-4 - (7 + -6)) + 8
3
Calculate (-2 - -1) + -3 + 11.
7
Calculate -3 + -8 + 5 + 8.
2
Evaluate 7 - (7 + -1 + -4).
5
Evaluate -4 - (-3 - 4) - (-2 + 4).
1
What is -10 - (-8 + 3) - -1?
-4
(-4 - -11) + (18 - 19)
6
What is 13 + -5 - 7 - 8?
-7
What is the value of 6 + (-5 - (-7 + 8 + -4))?
4
Calculate (-2 - -9) + -1 + (-20 - -16).
2
Calculate (-2 - (-2 + 7)) + 7 - 7.
-7
Evaluate -29 + 17 + -1 + 6 - -4.
-3
Evaluate 0 - (-3 - (-3 + 1)) - -2.
3
Evaluate 5 + -3 + -6 + 5 + -6.
-5
Calculate (-5 - -4) + (-1 - 1) + 0.
-3
What is 2 + -1 + 4 + (9 - 7)?
7
3 + (-1 - (1 + -2))
3
What is 0 - (2 - 4) - (15 - 20)?
7
What is the value of 7 - (9 - (-4 + 9))?
3
(1 - -2 - 4) + 6
5
What is -5 - (2 + -10 + 10)?
-7
What is the value of (0 + 1 - (-5 - -1)) + -5?
0
What is the value of -25 + 27 - ((3 - 1) + 7)?
-7
What is 6 + 2 + -9 - 4?
-5
Calculate -44 - -57 - (1 - -6).
6
What is the value of -3 - (3 + -5 + -6)?
5
-4 + 2 + -6 + 1 + 7
0
(4 - ((0 - 1) + -5)) + -5
5
What is the value of -3 + 1 + -1 + 2?
-1
What is (8 - 9) + (0 - 0)?
-1
Calculate -3 + 1 - (-11 + 13).
-4
Evaluate 5 + -7 + -2 + 8.
4
Evaluate (35 - 31) + (0 - 0) + -11.
-7
Calculate -2 + (4 - (-2 + 7)).
-3
1 - 6 - (-1 - -4 - 5)
-3
Evaluate (-6 - (-1 + -1)) + 5 + 2.
3
What is -1 + (-5 - -9 - 4)?
-1
Calculate -46 + 49 + (-6 - (0 - -1)).
-4
Evaluate -38 + 36 + (2 - 5).
-5
(-2 + 2 - 3) + 3 + -2
-2
What is the value of (-1 + -2 - -1) + -3 - -6?
1
What is the value of 19 + (4 - 12) - 8?
3
What is 1 + 11 - (52 + -47)?
7
Calculate 8 - 5 - (3 + -2).
2
What is the value of 1 + (2 - -1) + (-20 - -19)?
3
Evaluate 2 - -2 - (-3 + 7).
0
What is the value of 4 + 1 + -6 - 1?
-2
Calculate -1 + -2 - (12 - 20).
5
What is the value of -4 + 11 - (-2 + 9 + 0)?
0
Evaluate (32 - 26) + (-1 - 3).
2
What is the value of 2 - (4 + -6) - (-7 - -5)?
6
(-6 - (-6 + -1) - -2) + -6
-3
Calculate -2 + 5 + -4 + -4.
-5
Calculate -3 - (2 + 0 - 0).
-5
Calculate 1 + 15 + -15 + (3 - 3).
1
What is -3 - (-8 - -3) - 4?
-2
Calculate -7 + -1 - (26 - 28).
-6
What is 0 - (-3 + -1) - 6 - -5?
3
What is the value of -7 + 3 + (7 - 2)?
1
Evaluate 8 - (8 + -7 + 15) - -18.
10
Calculate 4 + -9 + 5 + 3.
3
(10 - 4 - 4) + -1 + -1
0
Calculate 6 - 0 - (-8 + (-1 - -19)).
-4
Evaluate -12 - -17 - (3 + -1) - 5.
-2
What is (8 - (0 - -11)) + 3?
0
Calculate (7 - 0) + -5 + -5.
-3
What is the value of 3 + (-4 - 3) - -2 - -1?
-1
What is -19 + 26 - (6 + -1)?
2
What is the value of -4 + 4 + -11 + 9?
-2
What is the value of 8 + (10 + -14 - 11)?
-7
Evaluate (7 - (-6 - -13)) + -5.
-5
What is -1 - (3 - 5) - (-2 + 8)?
-5
What is (3 - 0) + (-4 - (0 - 3))?
2
Evaluate (10 - 13) + -1 + -1.
-5
-5 + 3 + 0 + -3 + 7
2
What is (4 - -3) + 1 + -10?
-2
What is the value of 4 + -1 - (2 - -4)?
-3
Calculate (-6 + 6 - (-1 - 1)) + 2.
4
What is the value of -2 + -1 + 2 - (-8 - 0)?
7
What is the value of 0 + 0 + 1 + -1 + -2?
-2
Evaluate 13 - (-7 + 7 + 12).
1
(-16 - -11 - (-1 - 1)) + 4
1
Calculate 5 + -7 + -3 + 0 + 2.
-3
Evaluate 7 + 0 + 0 + -13.
-6
What is the value of (-5 - -7) + (-3 - 0 - -3)?
2
Calculate 3 + -8 + -12 + 21.
4
Calculate 2 - ((3 - (-1 + -2)) + -3).
-1
What is the value of 3 + -3 + (-6 - -17 - 8)?
3
What is -4 - (4 - 9) - 3 - -1?
-1
Calculate 3 + 4 + -4 + -1.
2
Evaluate -3 - -5 - (-1 + 2).
1
What is (7 - -1) + -14 + 16 + -5?
5
Evaluate -1 - (1 + -1 - 0).
-1
Evaluate 15 - (12 - 26 - -27).
2
What is the value of -4 + (6 + -2 - 4)?
-4
What is the value of -3 - (6 + -17 - -4)?
4
What is -8 - 1 - (-3 - 2)?
-4
What is the value of (0 - 1) + 101 + -108?
-8
Evaluate 5 + 1 + -6 + (5 - 0).
5
What is -7 - (-4 - (0 - 2))?
-5
11 + (-5 - (-3 + -2 + 5))
6
What is -1 + (0 + -1 - 1)?
-3
What is the value of (0 - (5 + -4 - 6)) + -8?
-3
What is 15 + -14 + 2 + 0?
3
What is 6 - 5 - (-3 - 0)?
4
What is the value of 0 + (-3 - -1) - -1?
-1
Calculate 31 + -19 - (-1 - -9).
4
Calculate -3 + 3 + 4 + -5 + -1.
-2
2 + -7 + 11 + -6 + -2
-2
What is the value of (-1 - 0) + -59 + 55?
-5
What is -2 + -6 - (-1 + -9 + 6)?
-4
-5 - 3 - 0 - -5
-3
What is the value of -4 - (-5 + 6 + -2)?
-3
What is 0 - (0 - (2 + -3 + 2))?
1
What is -4 - (-7 - (2 - 2)) - 4?
-1
(0 - (1 - -3)) + 3 + -2
-3
Evaluate (-3 - -4 - (0 - -5)) + 7.
3
-5 - (-3 - (-4 - -6 - -2))
2
What is the value of 20 + -6 - 5 - 7?
2
What is -1 - -1 - (8 + -2 + -8)?
2
Evaluate 2 + (-2 - 2) + 5.
3
What is the value of (4 - 10) + (1 - 0) + 0?
-5
Calculate -4 + (4 - (5 - 3)).
-2
Calculate -4 + -3 - 5 - -5.
-7
What is (14 - 19) + 0 + 3?
-2
-9 - -11 - 9 - (-2 + -1)
-4
What is the value of 5 + -4 + 0 + 2 - 4?
-1
Calculate -2 + 1 - (-2 + 7 + -7).
1
What is the value of 1 + -2 - (-1 - 3)?
3
-9 + (5 - -16) - 11
1
What is (0 + -1 - 0) + (23 - 24)?
-2
Evaluate -1 + 1 - (-8 - -12).
-4
What is the value of (4 - 6) + 6 + -2 + -2?
0
What is (0 - -6) + -13 - -8?
1
Calculate -2 - (6 + 10 + -24).
6
-4 - (-1 + 2 + 1) - -7
1
What is the value of 4 - (2 + 12 + -6)?
-4
What is the value of -8 - (-8 - -7) - -9?
2
What is (-2 - -1) + (4 - -2)?
5
0 + (0 - 1 - (-14 + 13))
0
Evaluate -12 + (16 - (-1 - -13)).
-8
Calculate -18 - (-8 + (4 - 7)).
-7
Evaluate 1 + 0 + 3 + -6.
-2
What is (-12 - -5 - -6) + -2?
-3
Evaluate 1 + 3 + (15 - 19).
0
What is the value of -94 + 93 - (-1 - 4)?
4
What is 5 - (-2 + 2) - (-27 + 25)?
7
0 + -6 - -4 - (1 + -6)
3
Calculate 10 + 6 + (1 - 9) + 1.
9
What is -4 + (-3 - (-1 - (14 - 4)))?
4
What is -2 + 5 + -6 - (5 + -13)?
5
What is 4 + -2 - -1 - (61 - 65)?
7
Evaluate 0 - ((1 - -3) + -5) - -3.
4
19 + -19 - (4 - -2)
-6
10 + -15 + -1 + 7
1
-2 - (3 - (4 - -1)) - 1
-1
What is 2 - (3 - 1 - (-5 + 8))?
3
-1 + -1 + (-14 - -15 - -8)
7
What is the value of (16 - 18 - (-2 - 0)) + -2?
-2
1 + 4 - ((-28 - -14) + 19)
0
What is the value of 1 - ((-1 - 8) + 9)?
1
Evaluate (-11 - -13) + 1 + -10 - 1.
-8
Calculate -3 + (12 - 11 - -7).
5
Evaluate (1 - (3 + -3 + 0)) + -2.
-1
What is -3 + (-1 - (4 - 1)) - -3?
-4
Evaluate -6 - -1 - (-1 + 1).
-5
(0 - 4) + (36 - 24)
8
Calculate (-27 - -19) + (-3 - -14).
3
What is -8 - (-7 + 4 - 2)?
-3
What i